greatest common factor of 31349 and 197635?
1363
What is the greatest common divisor of 216 and 1449144?
216
Calculate the greatest common factor of 556 and 40310.
278
What is the highest common divisor of 43059 and 496?
31
Calculate the highest common factor of 63868 and 28.
28
What is the greatest common divisor of 215 and 1720?
215
Calculate the greatest common factor of 1380085 and 430.
215
Calculate the greatest common divisor of 1393737 and 1149.
1149
Calculate the greatest common divisor of 3196088 and 168.
56
Calculate the greatest common divisor of 34 and 5899.
17
Calculate the highest common factor of 89 and 10991767.
89
Calculate the greatest common divisor of 16446 and 42.
6
Calculate the highest common factor of 50 and 119050.
50
Calculate the greatest common factor of 12 and 250662.
6
What is the highest common factor of 522 and 3096?
18
Calculate the greatest common factor of 71016 and 792.
264
Calculate the greatest common divisor of 4050 and 50.
50
What is the highest common factor of 5522 and 1606?
22
What is the greatest common divisor of 304226 and 130?
26
What is the greatest common divisor of 5152 and 43470?
322
Calculate the greatest common divisor of 89045 and 220.
55
Calculate the greatest common factor of 3933786 and 738.
246
Calculate the greatest common divisor of 235765 and 610.
305
Calculate the greatest common factor of 11704 and 1216.
152
Calculate the highest common factor of 60 and 151605.
15
What is the highest common divisor of 62739 and 63?
9
What is the highest common divisor of 12 and 378024?
12
Calculate the greatest common factor of 304 and 2420296.
152
Calculate the greatest common divisor of 364542 and 6.
6
What is the highest common divisor of 8 and 8834864?
8
Calculate the greatest common divisor of 12693 and 12.
3
What is the highest common divisor of 320 and 2024?
8
What is the highest common divisor of 202969 and 169?
169
What is the greatest common divisor of 1800915 and 71?
71
Calculate the highest common factor of 299 and 7033.
13
What is the greatest common divisor of 1472832 and 9?
9
What is the greatest common divisor of 2491 and 22607?
47
Calculate the greatest common factor of 3987 and 63.
9
What is the highest common factor of 9 and 202599?
9
What is the greatest common factor of 8148 and 713532?
1164
Calculate the highest common factor of 12034 and 506.
22
What is the highest common factor of 84138 and 3?
3
Calculate the highest common divisor of 52 and 15782.
26
Calculate the greatest common factor of 42 and 1518944.
14
What is the greatest common factor of 637 and 7735?
91
What is the highest common factor of 36347 and 19?
19
What is the greatest common divisor of 3969 and 3920?
49
Calculate the highest common factor of 105362 and 834.
278
Calculate the greatest common factor of 192 and 28416.
192
Calculate the highest common divisor of 1881258 and 12.
6
Calculate the highest common divisor of 37453 and 2236.
559
Calculate the greatest common factor of 633 and 33127.
211
Calculate the greatest common divisor of 320 and 6780.
20
Calculate the highest common factor of 7110 and 35730.
90
What is the greatest common factor of 3609 and 171?
9
What is the highest common factor of 24229709 and 259?
259
Calculate the highest common factor of 1092285 and 70122.
2697
Calculate the greatest common factor of 35 and 3742340.
35
What is the highest common factor of 25 and 895025?
25
What is the greatest common divisor of 525807 and 333?
333
What is the greatest common divisor of 819 and 3627?
117
What is the highest common divisor of 103665 and 345?
15
Calculate the highest common factor of 638 and 130094.
58
Calculate the highest common divisor of 1892 and 1628.
44
What is the greatest common factor of 168535 and 185?
185
What is the greatest common divisor of 3640 and 680?
40
What is the greatest common factor of 4312395 and 2745?
2745
Calculate the greatest common divisor of 142455 and 45.
15
What is the greatest common divisor of 4114 and 7018?
242
What is the greatest common divisor of 5402 and 925?
37
Calculate the highest common factor of 89 and 77.
1
Calculate the greatest common divisor of 2478 and 798.
42
What is the highest common factor of 1790 and 1337846?
358
Calculate the greatest common factor of 1969 and 781.
11
Calculate the highest common factor of 578 and 205802.
34
What is the highest common divisor of 841789 and 68?
17
Calculate the greatest common divisor of 1344 and 2096.
16
Calculate the greatest common divisor of 15080 and 3848.
104
What is the highest common factor of 368 and 5484?
4
What is the highest common factor of 24 and 38176?
8
Calculate the highest common factor of 114 and 5935638.
114
What is the greatest common factor of 80 and 67030?
10
What is the greatest common factor of 1198116 and 2898?
414
Calculate the greatest common factor of 889135 and 25.
5
What is the highest common factor of 203984 and 19?
19
Calculate the greatest common divisor of 6355693 and 107.
107
What is the greatest common divisor of 50 and 1200910?
10
What is the greatest common divisor of 437970 and 65?
65
What is the highest common factor of 344 and 17372?
172
Calculate the greatest common divisor of 84664 and 1064.
152
What is the greatest common factor of 177681 and 21?
21
Calculate the highest common divisor of 284438 and 308.
154
Calculate the greatest common factor of 7340 and 1.
1
Calculate the greatest common divisor of 5448 and 12.
12
Calculate the greatest common factor of 104250 and 12000.
750
Calculate the greatest common divisor of 5760872 and 2704.
1352
What is the highest common divisor of 26 and 191594?
26
What is the highest common factor of 95463 and 180?
9
What is the highest common divisor of 2320658 and 159?
53
What is the greatest common factor of 56 and 808?
8
What is the highest common factor of 1420 and 1660?
20
Calculate the greatest common factor of 5479775 and 3633.
1211
Calculate the greatest common divisor of 60335 and 385.
55
What is the greatest common factor of 261 and 79953?
87
Calculate the greatest common factor of 38 and 527801.
19
What is the greatest common divisor of 270 and 50970?
30
Calculate the greatest common divisor of 6165 and 432.
9
What is the highest common factor of 1123473 and 39?
39
What is the highest common divisor of 3177 and 162?
9
Calculate the greatest common factor of 81 and 55593.
27
Calculate the highest common divisor of 4 and 567232.
4
Calculate the greatest common divisor of 72813 and 156.
39
Calculate the greatest common divisor of 544 and 5678.
34
Calculate the highest common factor of 264 and 80112.
24
Calculate the highest common divisor of 102 and 357765.
51
What is the greatest common divisor of 2387 and 1102577?
217
What is the greatest common divisor of 1377 and 65739?
51
What is the highest common divisor of 75264 and 17024?
896
What is the highest common divisor of 457262 and 52?
26
Calculate the highest common factor of 62495 and 6235.
145
Calculate the highest common factor of 247 and 7449.
13
Calculate the greatest common divisor of 81 and 834462.
81
Calculate the highest common factor of 20 and 306688.
4
What is the greatest common factor of 9780 and 555?
15
What is the greatest common divisor of 5104 and 3103?
29
Calculate the highest common divisor of 1450 and 1318978.
58
Calculate the highest common divisor of 300 and 19260.
60
Calculate the highest common factor of 4783311 and 13.
13
What is the greatest common divisor of 2254 and 4922?
46
What is the greatest common divisor of 1272 and 456012?
636
What is the highest common factor of 3887 and 146809?
299
Calculate the greatest common divisor of 2310 and 4343570.
770
Calculate the highest common divisor of 6 and 3669.
3
What is the greatest common divisor of 1053 and 6939?
27
Calculate the highest common divisor of 77 and 35827.
11
What is the highest common factor of 78698 and 114?
38
Calculate the greatest common divisor of 64 and 94816.
32
Calculate the highest common divisor of 11 and 5401.
11
What is the greatest common factor of 21 and 1800?
3
What is the highest common factor of 299530 and 88?
22
Calculate the greatest common divisor of 10272 and 38092.
428
What is the highest common factor of 124 and 20057?
31
What is the greatest common divis